{"id":93,"date":"2013-08-11T19:06:15","date_gmt":"2013-08-11T19:06:15","guid":{"rendered":"http:\/\/localhost:8888\/test\/?page_id=520"},"modified":"2025-10-13T00:10:53","modified_gmt":"2025-10-13T03:10:53","slug":"sobre","status":"publish","type":"page","link":"https:\/\/fashionlook.com.br\/protese-capilar\/sobre\/","title":{"rendered":"Sobre"},"content":{"rendered":"\n\n  <div class=\"banner has-hover has-parallax\" id=\"banner-1969196704\">\n          <div class=\"banner-inner fill\">\n        <div class=\"banner-bg fill\" data-parallax=\"-3\" data-parallax-container=\".banner\" data-parallax-background>\n            <img loading=\"lazy\" decoding=\"async\" width=\"1020\" height=\"510\" src=\"https:\/\/fashionlook.com.br\/protese-capilar\/wp-content\/uploads\/2025\/10\/WhatsApp-Image-2025-10-12-at-23.01.48-1400x700.jpeg\" class=\"bg attachment-large size-large\" alt=\"\" \/>                        <div class=\"overlay\"><\/div>            \n                    <\/div>\n\t\t\n        <div class=\"banner-layers container\">\n            <div class=\"fill banner-link\"><\/div>            \n\n   <div id=\"text-box-1662273780\" class=\"text-box banner-layer x50 md-x50 lg-x50 y50 md-y50 lg-y50 res-text\">\n                                <div class=\"text-box-content text dark\">\n              \n              <div class=\"text-inner text-center\">\n                  \n\n\n              <\/div>\n           <\/div>\n                            \n<style>\n#text-box-1662273780 {\n  width: 60%;\n}\n#text-box-1662273780 .text-box-content {\n  font-size: 100%;\n}\n@media (min-width:550px) {\n  #text-box-1662273780 {\n    width: 60%;\n  }\n}\n<\/style>\n    <\/div>\n \n\n        <\/div>\n      <\/div>\n\n            \n<style>\n#banner-1969196704 {\n  padding-top: 507px;\n}\n#banner-1969196704 .overlay {\n  background-color: rgba(0, 0, 0, 0.209);\n}\n<\/style>\n  <\/div>\n\n\n<div class=\"row\"  id=\"row-2119761016\">\n\n\n\t<div id=\"col-1694779486\" class=\"col small-12 large-12\"  >\n\t\t\t\t<div class=\"col-inner\"  >\n\t\t\t\n\t\t\t\n\n<p class=\"p1\" style=\"text-align: center;\">Representante exclusivo de uma Empresa Americana e L\u00edder no segmento de pr\u00f3tese capilar, com profissionais altamente especializados na elimina\u00e7\u00e3o dos efeitos da calv\u00ed\u00adcie, alopecia e quimioterapia.\u00a0 Atendemos em ambiente exclusivo, com salas individuais, para maior conforto e discri\u00e7\u00e3o dos nossos clientes.\u00a0 S\u00e3o mais de 15 anos transformando sonhos em realidade.<\/p>\n<p class=\"p1\" style=\"text-align: center;\">Venha fazer parte desta fam\u00ed\u00adlia. afinal de contas A DECIS\u00c3O \u00c9 SUA. A SOLU\u00c7\u00c3O \u00c9 NOSSA!<\/p>\n<div class=\"text-center\"><div class=\"is-divider divider clearfix\" ><\/div><\/div>\n\n<div class=\"container section-title-container\" ><h3 class=\"section-title section-title-center\"><b aria-hidden=\"true\"><\/b><span class=\"section-title-main\" >Equipe<\/span><b aria-hidden=\"true\"><\/b><\/h3><\/div>\n\n\n  \n    <div class=\"row large-columns-4 medium-columns-3 small-columns-2\" >\n  <div class=\"gallery-col col\" >\n          <div class=\"col-inner\">\n            <a class=\"image-lightbox lightbox-gallery\" href=\"https:\/\/fashionlook.com.br\/protese-capilar\/wp-content\/uploads\/2025\/10\/protese-capilar-rj-equipe-9-600x800.jpg\" title=\"\">            <div class=\"box has-hover gallery-box box-overlay dark\">\n              <div class=\"box-image\" >\n                <img loading=\"lazy\" decoding=\"async\" width=\"300\" height=\"400\" src=\"https:\/\/fashionlook.com.br\/protese-capilar\/wp-content\/uploads\/2025\/10\/protese-capilar-rj-equipe-9-300x400.jpg\" class=\"attachment-medium size-medium\" alt=\"\" ids=\"502,503,504,505,506,507,508,509\" srcset=\"https:\/\/fashionlook.com.br\/protese-capilar\/wp-content\/uploads\/2025\/10\/protese-capilar-rj-equipe-9-300x400.jpg 300w, https:\/\/fashionlook.com.br\/protese-capilar\/wp-content\/uploads\/2025\/10\/protese-capilar-rj-equipe-9-600x800.jpg 600w, https:\/\/fashionlook.com.br\/protese-capilar\/wp-content\/uploads\/2025\/10\/protese-capilar-rj-equipe-9-768x1024.jpg 768w, https:\/\/fashionlook.com.br\/protese-capilar\/wp-content\/uploads\/2025\/10\/protese-capilar-rj-equipe-9-1152x1536.jpg 1152w, https:\/\/fashionlook.com.br\/protese-capilar\/wp-content\/uploads\/2025\/10\/protese-capilar-rj-equipe-9.jpg 1200w\" sizes=\"auto, (max-width: 300px) 100vw, 300px\" \/>                                  <div class=\"overlay fill\"\n                      style=\"background-color: rgba(0,0,0,.15)\">\n                  <\/div>\n                                                              <\/div>\n              <div class=\"box-text text-left\" >\n                 <p><\/p>\n              <\/div>\n            <\/div>\n            <\/a>          <\/div>\n         <\/div><div class=\"gallery-col col\" >\n          <div class=\"col-inner\">\n            <a class=\"image-lightbox lightbox-gallery\" href=\"https:\/\/fashionlook.com.br\/protese-capilar\/wp-content\/uploads\/2025\/10\/protese-capilar-rj-equipe-1-600x800.jpg\" title=\"\">            <div class=\"box has-hover gallery-box box-overlay dark\">\n              <div class=\"box-image\" >\n                <img loading=\"lazy\" decoding=\"async\" width=\"300\" height=\"400\" src=\"https:\/\/fashionlook.com.br\/protese-capilar\/wp-content\/uploads\/2025\/10\/protese-capilar-rj-equipe-1-300x400.jpg\" class=\"attachment-medium size-medium\" alt=\"\" ids=\"502,503,504,505,506,507,508,509\" srcset=\"https:\/\/fashionlook.com.br\/protese-capilar\/wp-content\/uploads\/2025\/10\/protese-capilar-rj-equipe-1-300x400.jpg 300w, https:\/\/fashionlook.com.br\/protese-capilar\/wp-content\/uploads\/2025\/10\/protese-capilar-rj-equipe-1-600x800.jpg 600w, https:\/\/fashionlook.com.br\/protese-capilar\/wp-content\/uploads\/2025\/10\/protese-capilar-rj-equipe-1-768x1024.jpg 768w, https:\/\/fashionlook.com.br\/protese-capilar\/wp-content\/uploads\/2025\/10\/protese-capilar-rj-equipe-1-1152x1536.jpg 1152w, https:\/\/fashionlook.com.br\/protese-capilar\/wp-content\/uploads\/2025\/10\/protese-capilar-rj-equipe-1.jpg 1200w\" sizes=\"auto, (max-width: 300px) 100vw, 300px\" \/>                                  <div class=\"overlay fill\"\n                      style=\"background-color: rgba(0,0,0,.15)\">\n                  <\/div>\n                                                              <\/div>\n              <div class=\"box-text text-left\" >\n                 <p><\/p>\n              <\/div>\n            <\/div>\n            <\/a>          <\/div>\n         <\/div><div class=\"gallery-col col\" >\n          <div class=\"col-inner\">\n            <a class=\"image-lightbox lightbox-gallery\" href=\"https:\/\/fashionlook.com.br\/protese-capilar\/wp-content\/uploads\/2025\/10\/protese-capilar-rj-equipe-2-600x800.jpg\" title=\"\">            <div class=\"box has-hover gallery-box box-overlay dark\">\n              <div class=\"box-image\" >\n                <img loading=\"lazy\" decoding=\"async\" width=\"300\" height=\"400\" src=\"https:\/\/fashionlook.com.br\/protese-capilar\/wp-content\/uploads\/2025\/10\/protese-capilar-rj-equipe-2-300x400.jpg\" class=\"attachment-medium size-medium\" alt=\"\" ids=\"502,503,504,505,506,507,508,509\" srcset=\"https:\/\/fashionlook.com.br\/protese-capilar\/wp-content\/uploads\/2025\/10\/protese-capilar-rj-equipe-2-300x400.jpg 300w, https:\/\/fashionlook.com.br\/protese-capilar\/wp-content\/uploads\/2025\/10\/protese-capilar-rj-equipe-2-600x800.jpg 600w, https:\/\/fashionlook.com.br\/protese-capilar\/wp-content\/uploads\/2025\/10\/protese-capilar-rj-equipe-2-768x1024.jpg 768w, https:\/\/fashionlook.com.br\/protese-capilar\/wp-content\/uploads\/2025\/10\/protese-capilar-rj-equipe-2-1152x1536.jpg 1152w, https:\/\/fashionlook.com.br\/protese-capilar\/wp-content\/uploads\/2025\/10\/protese-capilar-rj-equipe-2.jpg 1200w\" sizes=\"auto, (max-width: 300px) 100vw, 300px\" \/>                                  <div class=\"overlay fill\"\n                      style=\"background-color: rgba(0,0,0,.15)\">\n                  <\/div>\n                                                              <\/div>\n              <div class=\"box-text text-left\" >\n                 <p><\/p>\n              <\/div>\n            <\/div>\n            <\/a>          <\/div>\n         <\/div><div class=\"gallery-col col\" >\n          <div class=\"col-inner\">\n            <a class=\"image-lightbox lightbox-gallery\" href=\"https:\/\/fashionlook.com.br\/protese-capilar\/wp-content\/uploads\/2025\/10\/protese-capilar-rj-equipe-4-600x800.jpg\" title=\"\">            <div class=\"box has-hover gallery-box box-overlay dark\">\n              <div class=\"box-image\" >\n                <img loading=\"lazy\" decoding=\"async\" width=\"300\" height=\"400\" src=\"https:\/\/fashionlook.com.br\/protese-capilar\/wp-content\/uploads\/2025\/10\/protese-capilar-rj-equipe-4-300x400.jpg\" class=\"attachment-medium size-medium\" alt=\"\" ids=\"502,503,504,505,506,507,508,509\" srcset=\"https:\/\/fashionlook.com.br\/protese-capilar\/wp-content\/uploads\/2025\/10\/protese-capilar-rj-equipe-4-300x400.jpg 300w, https:\/\/fashionlook.com.br\/protese-capilar\/wp-content\/uploads\/2025\/10\/protese-capilar-rj-equipe-4-600x800.jpg 600w, https:\/\/fashionlook.com.br\/protese-capilar\/wp-content\/uploads\/2025\/10\/protese-capilar-rj-equipe-4-768x1024.jpg 768w, https:\/\/fashionlook.com.br\/protese-capilar\/wp-content\/uploads\/2025\/10\/protese-capilar-rj-equipe-4-1152x1536.jpg 1152w, https:\/\/fashionlook.com.br\/protese-capilar\/wp-content\/uploads\/2025\/10\/protese-capilar-rj-equipe-4.jpg 1200w\" sizes=\"auto, (max-width: 300px) 100vw, 300px\" \/>                                  <div class=\"overlay fill\"\n                      style=\"background-color: rgba(0,0,0,.15)\">\n                  <\/div>\n                                                              <\/div>\n              <div class=\"box-text text-left\" >\n                 <p><\/p>\n              <\/div>\n            <\/div>\n            <\/a>          <\/div>\n         <\/div><div class=\"gallery-col col\" >\n          <div class=\"col-inner\">\n            <a class=\"image-lightbox lightbox-gallery\" href=\"https:\/\/fashionlook.com.br\/protese-capilar\/wp-content\/uploads\/2025\/10\/protese-capilar-rj-equipe-5-600x800.jpg\" title=\"\">            <div class=\"box has-hover gallery-box box-overlay dark\">\n              <div class=\"box-image\" >\n                <img loading=\"lazy\" decoding=\"async\" width=\"300\" height=\"400\" src=\"https:\/\/fashionlook.com.br\/protese-capilar\/wp-content\/uploads\/2025\/10\/protese-capilar-rj-equipe-5-300x400.jpg\" class=\"attachment-medium size-medium\" alt=\"\" ids=\"502,503,504,505,506,507,508,509\" srcset=\"https:\/\/fashionlook.com.br\/protese-capilar\/wp-content\/uploads\/2025\/10\/protese-capilar-rj-equipe-5-300x400.jpg 300w, https:\/\/fashionlook.com.br\/protese-capilar\/wp-content\/uploads\/2025\/10\/protese-capilar-rj-equipe-5-600x800.jpg 600w, https:\/\/fashionlook.com.br\/protese-capilar\/wp-content\/uploads\/2025\/10\/protese-capilar-rj-equipe-5-768x1024.jpg 768w, https:\/\/fashionlook.com.br\/protese-capilar\/wp-content\/uploads\/2025\/10\/protese-capilar-rj-equipe-5-1152x1536.jpg 1152w, https:\/\/fashionlook.com.br\/protese-capilar\/wp-content\/uploads\/2025\/10\/protese-capilar-rj-equipe-5.jpg 1200w\" sizes=\"auto, (max-width: 300px) 100vw, 300px\" \/>                                  <div class=\"overlay fill\"\n                      style=\"background-color: rgba(0,0,0,.15)\">\n                  <\/div>\n                                                              <\/div>\n              <div class=\"box-text text-left\" >\n                 <p><\/p>\n              <\/div>\n            <\/div>\n            <\/a>          <\/div>\n         <\/div><div class=\"gallery-col col\" >\n          <div class=\"col-inner\">\n            <a class=\"image-lightbox lightbox-gallery\" href=\"https:\/\/fashionlook.com.br\/protese-capilar\/wp-content\/uploads\/2025\/10\/protese-capilar-rj-equipe-6-600x800.jpg\" title=\"\">            <div class=\"box has-hover gallery-box box-overlay dark\">\n              <div class=\"box-image\" >\n                <img loading=\"lazy\" decoding=\"async\" width=\"300\" height=\"400\" src=\"https:\/\/fashionlook.com.br\/protese-capilar\/wp-content\/uploads\/2025\/10\/protese-capilar-rj-equipe-6-300x400.jpg\" class=\"attachment-medium size-medium\" alt=\"\" ids=\"502,503,504,505,506,507,508,509\" srcset=\"https:\/\/fashionlook.com.br\/protese-capilar\/wp-content\/uploads\/2025\/10\/protese-capilar-rj-equipe-6-300x400.jpg 300w, https:\/\/fashionlook.com.br\/protese-capilar\/wp-content\/uploads\/2025\/10\/protese-capilar-rj-equipe-6-600x800.jpg 600w, https:\/\/fashionlook.com.br\/protese-capilar\/wp-content\/uploads\/2025\/10\/protese-capilar-rj-equipe-6-768x1024.jpg 768w, https:\/\/fashionlook.com.br\/protese-capilar\/wp-content\/uploads\/2025\/10\/protese-capilar-rj-equipe-6-1152x1536.jpg 1152w, https:\/\/fashionlook.com.br\/protese-capilar\/wp-content\/uploads\/2025\/10\/protese-capilar-rj-equipe-6.jpg 1200w\" sizes=\"auto, (max-width: 300px) 100vw, 300px\" \/>                                  <div class=\"overlay fill\"\n                      style=\"background-color: rgba(0,0,0,.15)\">\n                  <\/div>\n                                                              <\/div>\n              <div class=\"box-text text-left\" >\n                 <p><\/p>\n              <\/div>\n            <\/div>\n            <\/a>          <\/div>\n         <\/div><div class=\"gallery-col col\" >\n          <div class=\"col-inner\">\n            <a class=\"image-lightbox lightbox-gallery\" href=\"https:\/\/fashionlook.com.br\/protese-capilar\/wp-content\/uploads\/2025\/10\/protese-capilar-rj-equipe-7-600x800.jpg\" title=\"\">            <div class=\"box has-hover gallery-box box-overlay dark\">\n              <div class=\"box-image\" >\n                <img loading=\"lazy\" decoding=\"async\" width=\"300\" height=\"400\" src=\"https:\/\/fashionlook.com.br\/protese-capilar\/wp-content\/uploads\/2025\/10\/protese-capilar-rj-equipe-7-300x400.jpg\" class=\"attachment-medium size-medium\" alt=\"\" ids=\"502,503,504,505,506,507,508,509\" srcset=\"https:\/\/fashionlook.com.br\/protese-capilar\/wp-content\/uploads\/2025\/10\/protese-capilar-rj-equipe-7-300x400.jpg 300w, https:\/\/fashionlook.com.br\/protese-capilar\/wp-content\/uploads\/2025\/10\/protese-capilar-rj-equipe-7-600x800.jpg 600w, https:\/\/fashionlook.com.br\/protese-capilar\/wp-content\/uploads\/2025\/10\/protese-capilar-rj-equipe-7-768x1024.jpg 768w, https:\/\/fashionlook.com.br\/protese-capilar\/wp-content\/uploads\/2025\/10\/protese-capilar-rj-equipe-7-1152x1536.jpg 1152w, https:\/\/fashionlook.com.br\/protese-capilar\/wp-content\/uploads\/2025\/10\/protese-capilar-rj-equipe-7.jpg 1200w\" sizes=\"auto, (max-width: 300px) 100vw, 300px\" \/>                                  <div class=\"overlay fill\"\n                      style=\"background-color: rgba(0,0,0,.15)\">\n                  <\/div>\n                                                              <\/div>\n              <div class=\"box-text text-left\" >\n                 <p><\/p>\n              <\/div>\n            <\/div>\n            <\/a>          <\/div>\n         <\/div><div class=\"gallery-col col\" >\n          <div class=\"col-inner\">\n            <a class=\"image-lightbox lightbox-gallery\" href=\"https:\/\/fashionlook.com.br\/protese-capilar\/wp-content\/uploads\/2025\/10\/protese-capilar-rj-equipe-8-600x800.jpg\" title=\"\">            <div class=\"box has-hover gallery-box box-overlay dark\">\n              <div class=\"box-image\" >\n                <img loading=\"lazy\" decoding=\"async\" width=\"300\" height=\"400\" src=\"https:\/\/fashionlook.com.br\/protese-capilar\/wp-content\/uploads\/2025\/10\/protese-capilar-rj-equipe-8-300x400.jpg\" class=\"attachment-medium size-medium\" alt=\"\" ids=\"502,503,504,505,506,507,508,509\" srcset=\"https:\/\/fashionlook.com.br\/protese-capilar\/wp-content\/uploads\/2025\/10\/protese-capilar-rj-equipe-8-300x400.jpg 300w, https:\/\/fashionlook.com.br\/protese-capilar\/wp-content\/uploads\/2025\/10\/protese-capilar-rj-equipe-8-600x800.jpg 600w, https:\/\/fashionlook.com.br\/protese-capilar\/wp-content\/uploads\/2025\/10\/protese-capilar-rj-equipe-8-768x1024.jpg 768w, https:\/\/fashionlook.com.br\/protese-capilar\/wp-content\/uploads\/2025\/10\/protese-capilar-rj-equipe-8-1152x1536.jpg 1152w, https:\/\/fashionlook.com.br\/protese-capilar\/wp-content\/uploads\/2025\/10\/protese-capilar-rj-equipe-8.jpg 1200w\" sizes=\"auto, (max-width: 300px) 100vw, 300px\" \/>                                  <div class=\"overlay fill\"\n                      style=\"background-color: rgba(0,0,0,.15)\">\n                  <\/div>\n                                                              <\/div>\n              <div class=\"box-text text-left\" >\n                 <p><\/p>\n              <\/div>\n            <\/div>\n            <\/a>          <\/div>\n         <\/div><\/div>\n\n\n\t\t<\/div>\n\t\t\t\t\t<\/div>\n\n\t\n\n<\/div>\n\n","protected":false},"excerpt":{"rendered":"","protected":false},"author":1,"featured_media":19,"parent":0,"menu_order":0,"comment_status":"closed","ping_status":"closed","template":"page-transparent-header-light.php","meta":{"_joinchat":[],"footnotes":""},"class_list":["post-93","page","type-page","status-publish","has-post-thumbnail","hentry"],"_links":{"self":[{"href":"https:\/\/fashionlook.com.br\/protese-capilar\/wp-json\/wp\/v2\/pages\/93","targetHints":{"allow":["GET"]}}],"collection":[{"href":"https:\/\/fashionlook.com.br\/protese-capilar\/wp-json\/wp\/v2\/pages"}],"about":[{"href":"https:\/\/fashionlook.com.br\/protese-capilar\/wp-json\/wp\/v2\/types\/page"}],"author":[{"embeddable":true,"href":"https:\/\/fashionlook.com.br\/protese-capilar\/wp-json\/wp\/v2\/users\/1"}],"replies":[{"embeddable":true,"href":"https:\/\/fashionlook.com.br\/protese-capilar\/wp-json\/wp\/v2\/comments?post=93"}],"version-history":[{"count":9,"href":"https:\/\/fashionlook.com.br\/protese-capilar\/wp-json\/wp\/v2\/pages\/93\/revisions"}],"predecessor-version":[{"id":510,"href":"https:\/\/fashionlook.com.br\/protese-capilar\/wp-json\/wp\/v2\/pages\/93\/revisions\/510"}],"wp:featuredmedia":[{"embeddable":true,"href":"https:\/\/fashionlook.com.br\/protese-capilar\/wp-json\/wp\/v2\/media\/19"}],"wp:attachment":[{"href":"https:\/\/fashionlook.com.br\/protese-capilar\/wp-json\/wp\/v2\/media?parent=93"}],"curies":[{"name":"wp","href":"https:\/\/api.w.org\/{rel}","templated":true}]}}